ppose -5 = 16*a - 21. Let x(u) = 5. Let h(j) = -j + 4. Let k(w) = a*x(w) - 2*h(w). Give k(9).
15
Let o(p) = p. Suppose 3*m + k + 2 = 3, 0 = -4*m - 4*k + 4. Suppose m = -0*s - 6*s + 12. Let t = s - 0. Determine o(t).
2
Suppose -3*h + 4 = -5*s, 5*h - 16 = 9*s - 10*s. Let i(k) = 8*k - 29. Give i(h).
-5
Let k(u) = -5*u**2 - u + 3. Let s(w) = 26*w**2 + 4*w - 16. Suppose 0 = 5*r - 2*f - 20, -2*f + 3*f = -4*r + 3. Let t(p) = r*s(p) + 11*k(p). Calculate t(2).
-17
Let m(l) = -49 + 6*l + 25 + 24 + 3*l**2. Let u(c) = -32*c - 100. Let z be u(-3). Determine m(z).
24
Let y(b) = -80*b**2 + 23*b - 3. Let n(i) = -215*i**2 + 62*i - 8. Let x(q) = -10*n(q) + 27*y(q). Let g be (4/6)/(4/6). What is x(g)?
-10
Let o(j) = 16*j**2 - 6*j + 7. Let r(g) = -13*g**3 + 52*g**2 + 3*g - 10. Let t be r(4). What is o(t)?
59
Let b = -53 + 55. Suppose 3*c = b*r + 23, -2*c - 5*r - 7 = 3. Suppose i + 5*h + 7 = 2*i, 0 = -c*i - 4*h - 23. Let n(s) = s + 4. Calculate n(i).
1
Let u(y) = -13*y**2 + y. Suppose -16 + 6 = 15*f + 5. What is u(f)?
-14
Let o = -71 + 76. Let d(m) = -6*m - 25. Let a(n) = -n - 5. Let b(x) = -3*x - 15. Let j(l) = 11*a(l) - 4*b(l). Let p(v) = 2*d(v) + 11*j(v). Give p(o).
0
Let m(y) = -y**2 + 8. Let i(p) = -2*p**2 + 4*p - 2*p + 5*p - 13*p - 4*p. Let a = 6 + -11. Let w be i(a). Determine m(w).
8
Let r(d) = -4*d**2 - 8*d - 93. Let p(q) = -4*q**2 - 9*q - 69. Let f(j) = -4*p(j) + 3*r(j). Determine f(-4).
13
Suppose -5*p = 3*m - 780, 4*p + 585 + 222 = 3*m. Suppose 267*y - 12 = m*y. Let u(q) = q - 15. What is u(y)?
-9
Let y(a) = a + 5. Let v = -33 + 34. Suppose 0 = l + 2*w - 3*w + v, -2*w - 2 = -l. Let r be ((-2)/(-2)*5)/(l + 3). Determine y(r).
0
Suppose 27 = -u + 4*u. Let g(w) = -89*w + 5 - 83*w - 1857*w**3 + 1856*w**3 + 171*w + 9*w**2. Determine g(u).
-4
Suppose 4*o - 16 = 0, 160 = 5*v - 4*o - 24. Suppose -4*l - v = 4*m, l = -2*l - m - 22. Let f(h) = -1637*h + 820*h + 819*h + 5. Calculate f(l).
-7
Suppose 4 = -2*r, -s + 5*r - 1034 = -5*s. Let x = 264 - s. Let q(f) be the second derivative of f**4/6 - 2*f**3/3 + 2*f. Calculate q(x).
6
Let z(k) = 94*k - 17. Let n(i) = 78*i - 16. Let u(f) = -5*n(f) + 4*z(f). Determine u(2).
-16
Let i(g) = 33*g + 74. Let h(v) = -17*v - 41. Let a(p) = 11*h(p) + 6*i(p). What is a(-3)?
-40
Let u be (-3)/((1/(-2))/((-14)/(-42))). Suppose 5*x - 3*x = -4*g - 12, -8 = u*g. Let t(j) = 0 - 3 + 4 - 7*j**2 - 6*j**x. What is t(1)?
-12
Let x be (-6)/(-18) + ((-936)/54)/13. Let h(a) = -8*a + 12. What is h(x)?
20
Suppose -3 = 2*c - 5*c. Let u = 2 - c. Let z(d) = u + 2 + d + 0. Determine z(5).
8
Let t(o) = o**2 - 6*o + 1. Let w(n) = 2*n**3 - 113*n**2 + 162*n + 169. Let i be w(55). Give t(i).
-7
Let v(s) = 8*s - 9. Let g be v(2). Let a(u) be the third derivative of -u**6/120 + u**5/10 + 7*u**4/24 - 7*u**3/6 - 666*u**2. What is a(g)?
-7
Let z(o) = -2*o - 2. Let m(f) = -f - 4*f - 11 + 4*f. Suppose -17*h - 66 = -6*h. Let r be m(h). Calculate z(r).
8
Let f be 24/(-5)*11/((-99)/510). Let g(s) = -10 + 4 - 278*s**2 - s**3 + f*s**2. Calculate g(-6).
-6
Let w(m) = -m**3 + m**2 - m - 1. Let j(u) = 8 - 1324*u**2 + 4*u**3 + 1315*u**2 + 5*u + 0. Let d(i) = j(i) + 3*w(i). Determine d(6).
17
Let u(a) be the third derivative of -a**8/6720 + a**7/315 - 7*a**6/720 - 7*a**4/8 + 11*a**2 - 4. Let c(v) be the second derivative of u(v). Give c(7).
0
Let b(c) = c**2 - 5*c. Let p(g) be the third derivative of -7*g**5/60 - g**4/6 + g**3/6 - 5*g**2. Let n(o) = -b(o) + p(o). Calculate n(-1).
-8
Let d(c) be the first derivative of -c**4/6 + 2*c**3/3 + 9*c**2/2 + 5*c - 95. Let v(a) be the second derivative of d(a). Give v(-3).
16
Let n be (-23895)/(-590) - (-2)/(-4). Let m(j) = -5*j**2 + 202*j - 84. Give m(n).
-4
Let h(r) = 29*r**2 - r - 1. Let m(k) = 59*k**2 - 6*k - 20. Let b(i) = 2*h(i) - m(i). What is b(8)?
-14
Let n(c) be the first derivative of 7*c**2 - 39*c - 2642. What is n(4)?
17
Let n be 4/(8/18) - (22 + -15 - 14). Let r(y) = 2*y**2 - 33*y + 39. Give r(n).
23
Let a be (39*(-8)/12)/(2/(-8)). Suppose -112*c = -99*c + a. Let y(s) = s**3 + 8*s**2 + s + 11. Give y(c).
3
Let l = 5079 + -5068. Let o(f) = 3*f - 11. Give o(l).
22
Let m = -57 - -55. Let n(d) be the second derivative of d**5/10 + d**4/4 + d**3/6 + d**2 + 5*d - 31. Give n(m).
-4
Let n(o) = -7021568*o**3 + 7021567*o**3 - 58 + 13*o - 15*o**2 + 12. What is n(-16)?
2
Suppose -5*r + 20 = 0, -3*r - 3 + 11 = -4*k. Let f(y) = -3*y + 1. Let n(c) = -2*c + 1. Let m(t) = -5*f(t) + 4*n(t). What is m(k)?
6
Let v(l) = -l**3 + 27*l**2 - 46*l - 85. Suppose 43*f = 1782 - 707. Give v(f).
15
Let k(w) be the third derivative of 7*w**4/3 + 30*w**3 - 590*w**2 - 1. Give k(-3).
12
Let i(l) = 2*l**2 - 4*l - 1. Suppose -140 = -22*v - 30. Suppose -v*r + 3*r + 12 = 4*w, -w = -4*r - 3. Determine i(w).
5
Let w(g) be the second derivative of g**4/12 + 4*g**3/3 + 7*g**2 - 31*g - 1. Let p be -9*4/12 + -3. Determine w(p).
2
Suppose 162 = -104*c + 86*c. Let d(u) be the third derivative of -u**5/60 - 3*u**4/8 - 17*u**2. Calculate d(c).
0
Let t(r) = 81*r**2 - 3*r - 23. Let d(g) = -74*g**2 + 2*g + 20. Let v(z) = -7*d(z) - 6*t(z). Determine v(1).
34
Let p(r) = 4*r**3 + 7*r + 9. Let c(n) = n**3 + n**2. Suppose 0 = 6*w - 7*w - 5. Let s(t) = w*c(t) + p(t). Determine s(-6).
3
Let k(y) = -7 + 11*y**2 + 14838*y + y**3 - 29651*y + 14835*y. Determine k(-8).
9
Let i(c) = c**3 + 55*c**2 - 177*c**2 + 67*c**2 - 1 + 54*c**2 - 2*c. Give i(-3).
-31
Let f(z) = 6*z + 4. Let a be (0/1)/(-4 + 6). Suppose a = k - 1, 2*k + 3 = y - 2*y. What is f(y)?
-26
Let f(h) = 8*h - 1. Let l(c) = -7*c - 10. Let n be l(9). Let x = n + 81. Suppose x*o = 12 - 4. Calculate f(o).
7
Let h(m) be the third derivative of 0 - 1/12*m**4 + 4*m**2 + 1/60*m**5 + 1/3*m**3 - m. Calculate h(2).
2
Let w(t) be the third derivative of -1/6*t**3 + 40 + 0*t - 2*t**2 - 1/6*t**4. Determine w(-7).
27
Suppose 3*j = 5*m + 12 + 3, -2*m = -6. Let b = j + -5. Let u(r) = 5*r + 8 - 10 - 4*r + 9. Give u(b).
12
Let i(q) = -10*q**2 - 2*q - 3. Suppose 0 = -2*j + n + 6, 21*n = -2*j + 25*n + 12. Determine i(j).
-47
Let i(d) = -4*d**2 + 7*d + 11. Let m be (-5*((-21)/12)/7)/(1/(-4)). Give i(m).
-124
Suppose -148*q + 228 = -27 - 337. Let t(j) be the third derivative of -j**4/12 + j**3/2 - j**2. Give t(q).
-5
Let a(l) = -l**3 + 32*l**2 - 29*l - 56. Suppose 2*r - g = 65, -3*r - 3*g - 42 + 126 = 0. Calculate a(r).
6
Suppose -3*w + 16 = 4, 2*p + 5*w = 28. Let s be (567/108)/(p/((-48)/(-9))). Let n(y) = y**3 - 5*y**2 - 15*y + 14. Determine n(s).
7
Let f(q) be the second derivative of -q**4/12 + 5*q**3/6 - q**2/2 + 788*q. What is f(2)?
5
Let j(x) = -16*x + 4919. Let y(q) = q - 259. Let h(o) = -3*j(o) - 57*y(o). Let a be 1*(-6)/(2/(-1)). Calculate h(a).
-21
Let g(a) be the third derivative of -a**5/60 - 5*a**4/24 + a**3/3 + a**2 + 39. Let w(r) = -r**2 - 6. Let k be w(0). Determine g(k).
-4
Suppose 0 = -5*f + 4*a + a + 31900, 0 = 4*f + 2*a - 25544. Let n(t) = -t - f + 6384. Calculate n(3).
-3
Suppose 0 = 32*z - 35*z + 21. Let l(u) = -z - u + 3 + 2 - 5. Calculate l(0).
-7
Let j(x) = x**2 + 11*x - 14. Let t(z) = 5*z**2 + 55*z - 71. Let y(u) = -11*j(u) + 2*t(u). Suppose 43*d - 46*d - 36 = 0. What is y(d)?
0
Suppose 20 = 3*p + p - 2*t, t = -2. Let h(g) be the first derivative of -5*g**2 + 3*g - 69. Give h(p).
-37
Let d(k) be the second derivative of 1/12*k**4 - k + 5/6*k**3 + 1 - 7/2*k**2. Calculate d(-5).
-7
Let q be 3 - (1/2)/((-2)/(-4)). Let g(l) = -4*l**q + 3*l**2 - 2561 + 2557. Determine g(0).
-4
Let k = 42990 - 42970. Let c(x) = 3*x - 45. Determine c(k).
15
Let g be (5/(-2))/((-13)/26). Suppose 6*s + h - 20 = s, g*h + 35 = 2*s. Suppose -26 = -s*i + 2*f, 0 = -5*i + f + 24 - 1. Let d(k) = 2*k - 5. Give d(i).
3
Let y(j) be the third derivative of -j**6/360 - j**5/15 + j**4/4 + 19*j**3/6 + 12*j**2 - 6*j. Let z(r) be the first derivative of y(r). What is z(-9)?
-3
Let r(s) be the first derivative of -s**4/4 + 2*s**3 - 3*s**2 + 7*s - 129. Give r(7).
-84
Let d(s) = 3*s. Let x(o) = -12*o - 1. Let n(q) = -9*d(q) - 2*x(q). Let z(m) = m**2 + 12*m - 13. Let r be z(-12). Let u = 11 + r. What is n(u)?
8
Let c(b) = -b**3 - 6*b**2 - 4*b. Suppose 7*i = -13*i + 4060. Let j = 198 - i. Calculate c(j).
-5
Let u(o) = o - 3. Let j(z) = -3*z**2 + 35*z - 17. Let l be j(12). Let b = l - -32. Let g be (1/b)/(3/(78 + -6)). Calculate u(g).
5
Let q = -31 + 21. Let k